{"id":3,"date":"2025-01-21T16:41:22","date_gmt":"2025-01-21T19:41:22","guid":{"rendered":"https:\/?page_id=3"},"modified":"2025-01-22T10:03:56","modified_gmt":"2025-01-22T13:03:56","slug":"politica-de-privacidade","status":"publish","type":"page","link":"https:\/\/labarbeariaclube.com.br\/index.php\/politica-de-privacidade\/","title":{"rendered":"Pol\u00edtica de privacidade"},"content":{"rendered":"\t\t<div data-elementor-type=\"wp-page\" data-elementor-id=\"3\" class=\"elementor elementor-3\" data-elementor-post-type=\"page\">\n\t\t\t\t<div class=\"elementor-element elementor-element-169cd13 e-flex e-con-boxed e-con e-parent\" data-id=\"169cd13\" data-element_type=\"container\" data-e-type=\"container\" data-settings=\"{&quot;background_background&quot;:&quot;classic&quot;}\">\n\t\t\t\t\t<div class=\"e-con-inner\">\n\t\t<div class=\"elementor-element elementor-element-7fb0f02 e-con-full e-flex e-con e-child\" data-id=\"7fb0f02\" data-element_type=\"container\" data-e-type=\"container\">\n\t\t\t\t<div class=\"elementor-element elementor-element-a5fa1f9 elementor-widget__width-initial elementor-widget-mobile__width-inherit elementor-widget elementor-widget-heading\" data-id=\"a5fa1f9\" data-element_type=\"widget\" data-e-type=\"widget\" data-widget_type=\"heading.default\">\n\t\t\t\t<div class=\"elementor-widget-container\">\n\t\t\t\t\t<h1 class=\"elementor-heading-title elementor-size-default\">Um espa\u00e7o\nTermos de pol\u00edtica de privacidade La Barbearia Clube\n<\/h1>\t\t\t\t<\/div>\n\t\t\t\t<\/div>\n\t\t\t\t<div class=\"elementor-element elementor-element-2cbdabe elementor-widget elementor-widget-heading\" data-id=\"2cbdabe\" data-element_type=\"widget\" data-e-type=\"widget\" data-widget_type=\"heading.default\">\n\t\t\t\t<div class=\"elementor-widget-container\">\n\t\t\t\t\t<h2 class=\"elementor-heading-title elementor-size-default\">Esta Pol\u00edtica de Privacidade descreve como a La Barbearia Clube coleta, usa e protege as informa\u00e7\u00f5es pessoais dos usu\u00e1rios ao acessarem e utilizarem o nosso site (CONFERIR URL) e ao entrarem em contato conosco pelos meios de comunica\u00e7\u00e3o fornecidos. Estamos em conformidade com as melhores pr\u00e1ticas da Lei Geral de Prote\u00e7\u00e3o de Dados (LGPD) e outras leis de prote\u00e7\u00e3o de privacidade aplic\u00e1veis, e estamos comprometidos em proteger a privacidade dos seus dados pessoais.\n<\/h2>\t\t\t\t<\/div>\n\t\t\t\t<\/div>\n\t\t\t\t<\/div>\n\t\t\t\t\t<\/div>\n\t\t\t\t<\/div>\n\t\t<div class=\"elementor-element elementor-element-5be1806 e-flex e-con-boxed e-con e-parent\" data-id=\"5be1806\" data-element_type=\"container\" data-e-type=\"container\">\n\t\t\t\t\t<div class=\"e-con-inner\">\n\t\t\t\t<div class=\"elementor-element elementor-element-a9fb738 elementor-widget elementor-widget-text-editor\" data-id=\"a9fb738\" data-element_type=\"widget\" data-e-type=\"widget\" data-widget_type=\"text-editor.default\">\n\t\t\t\t<div class=\"elementor-widget-container\">\n\t\t\t\t\t\t\t\t\t<h3><b>1. Informa\u00e7\u00f5es que coletamos<\/b><\/h3>\n<h5><b>1.1 Informa\u00e7\u00f5es de identifica\u00e7\u00e3o pessoal:<\/b><\/h5>\n<p><span style=\"font-weight: 400;\">Podemos coletar informa\u00e7\u00f5es pessoais, como nome, endere\u00e7o de e-mail, n\u00famero de telefone e outros dados de identifica\u00e7\u00e3o, quando voc\u00ea entra em contato conosco ou preenche formul\u00e1rios em nosso site.<\/span><\/p>\n<h5><b>1.2 Informa\u00e7\u00f5es de pagamento:<\/b><\/h5>\n<p><span style=\"font-weight: 400;\">Se voc\u00ea contratar nossos servi\u00e7os e realizar pagamentos, podemos coletar informa\u00e7\u00f5es financeiras, como n\u00fameros de cart\u00e3o de cr\u00e9dito, informa\u00e7\u00f5es de cobran\u00e7a e outros detalhes necess\u00e1rios para processar as transa\u00e7\u00f5es.<\/span><\/p>\n<h5><b>1.3 Informa\u00e7\u00f5es de uso:<\/b><\/h5>\n<p><span style=\"font-weight: 400;\">Podemos coletar informa\u00e7\u00f5es sobre como voc\u00ea utiliza nosso site, incluindo as p\u00e1ginas que visita, o tempo gasto em cada p\u00e1gina, os links em que clica e outras a\u00e7\u00f5es realizadas durante a sua intera\u00e7\u00e3o com o site.<\/span><\/p>\n<h5><b>1.4 Informa\u00e7\u00f5es do dispositivo:<\/b><\/h5>\n<p><span style=\"font-weight: 400;\">Podemos coletar informa\u00e7\u00f5es sobre o dispositivo que voc\u00ea utiliza para acessar nosso site, como endere\u00e7o IP, tipo de navegador, sistema operacional e outras informa\u00e7\u00f5es t\u00e9cnicas semelhantes.<\/span><\/p>\n<h3><b>2. Uso das informa\u00e7\u00f5es<\/b><\/h3>\n<h5><b>2.1 Fornecimento de servi\u00e7os:<\/b><\/h5>\n<p><span style=\"font-weight: 400;\">Utilizamos as informa\u00e7\u00f5es coletadas para fornecer nossos servi\u00e7os, responder \u00e0s suas solicita\u00e7\u00f5es, oferecer suporte ao cliente e melhorar a experi\u00eancia do usu\u00e1rio em nosso site.<\/span><\/p>\n<h5><b>2.2 Comunica\u00e7\u00f5es:<\/b><\/h5>\n<p><span style=\"font-weight: 400;\">Podemos utilizar suas informa\u00e7\u00f5es de contato para enviar comunica\u00e7\u00f5es relacionadas aos nossos servi\u00e7os, como atualiza\u00e7\u00f5es, newsletters e informa\u00e7\u00f5es promocionais. Voc\u00ea pode optar por n\u00e3o receber essas comunica\u00e7\u00f5es a qualquer momento, seguindo as instru\u00e7\u00f5es de cancelamento de inscri\u00e7\u00e3o fornecidas em cada comunica\u00e7\u00e3o.<\/span><\/p>\n<h5><b>2.3 Processamento de pagamentos:<\/b><\/h5>\n<p><span style=\"font-weight: 400;\">Quando voc\u00ea realiza pagamentos pelos nossos servi\u00e7os, utilizamos as informa\u00e7\u00f5es financeiras fornecidas para processar as transa\u00e7\u00f5es e cumprir nossas obriga\u00e7\u00f5es contratuais.<\/span><\/p>\n<h5><b>2.4 Melhoria do site:<\/b><\/h5>\n<p><span style=\"font-weight: 400;\">As informa\u00e7\u00f5es de uso e do dispositivo s\u00e3o utilizadas para an\u00e1lise de dados, otimiza\u00e7\u00e3o do desempenho do site e melhorias em sua funcionalidade.<\/span><\/p>\n<h3><b>3. Compartilhamento de informa\u00e7\u00f5es<\/b><\/h3>\n<h5><b>3.1 Terceiros de confian\u00e7a:<\/b><\/h5>\n<p><span style=\"font-weight: 400;\">Podemos compartilhar suas informa\u00e7\u00f5es pessoais com fornecedores, parceiros de neg\u00f3cios e prestadores de servi\u00e7os de confian\u00e7a que atuam em nosso nome para fornecer os servi\u00e7os solicitados ou para nos auxiliar em nossas atividades comerciais. Esses terceiros t\u00eam a obriga\u00e7\u00e3o de proteger suas informa\u00e7\u00f5es e utiliz\u00e1-las apenas para os fins especificados.<\/span><\/p>\n<h5><b>3.2 Obedi\u00eancia \u00e0 lei:<\/b><\/h5>\n<p><span style=\"font-weight: 400;\">Podemos compartilhar suas informa\u00e7\u00f5es pessoais quando necess\u00e1rio para cumprir obriga\u00e7\u00f5es legais, responder a processos judiciais, aplicar nossos termos de uso ou proteger nossos direitos, propriedade ou seguran\u00e7a, bem como os direitos, propriedade ou seguran\u00e7a de terceiros.<\/span><\/p>\n<h3><b>4. Cookies e tecnologias semelhantes<\/b><\/h3>\n<h5><b>4.1 Cookies:<\/b><\/h5>\n<p><span style=\"font-weight: 400;\">Nosso site utiliza cookies e outras tecnologias de rastreamento para melhorar a experi\u00eancia do usu\u00e1rio, personalizar o conte\u00fado, analisar tend\u00eancias e administrar o site. Ao utilizar nosso site, voc\u00ea concorda com o uso de cookies, de acordo com nossa Pol\u00edtica de Cookies.<\/span><\/p>\n<h5><b>4.2 Configura\u00e7\u00f5es do navegador:<\/b><\/h5>\n<p><span style=\"font-weight: 400;\">A maioria dos navegadores permite que voc\u00ea recuse cookies ou os exclua. No entanto, ao fazer isso, algumas funcionalidades do site podem ser comprometidas.<\/span><\/p>\n<h3><b>5. Seguran\u00e7a das informa\u00e7\u00f5es<\/b><\/h3>\n<h5><b>5.1 Medidas de seguran\u00e7a:<\/b><\/h5>\n<p><span style=\"font-weight: 400;\">Implementamos medidas de seguran\u00e7a adequadas para proteger suas informa\u00e7\u00f5es pessoais contra acesso n\u00e3o autorizado, uso indevido, divulga\u00e7\u00e3o, altera\u00e7\u00e3o ou destrui\u00e7\u00e3o.<\/span><\/p>\n<h5><b>5.2 Armazenamento de dados:<\/b><\/h5>\n<p><span style=\"font-weight: 400;\">As informa\u00e7\u00f5es pessoais coletadas ser\u00e3o armazenadas apenas pelo tempo necess\u00e1rio para cumprir as finalidades descritas nesta Pol\u00edtica de Privacidade, a menos que um per\u00edodo de reten\u00e7\u00e3o mais longo seja exigido ou permitido por lei.<\/span><\/p>\n<h3><b>6. Seus direitos<\/b><\/h3>\n<h5><b>6.1 Direitos do titular dos dados:<\/b><\/h5>\n<p><span style=\"font-weight: 400;\">Voc\u00ea tem o direito de acessar, corrigir, atualizar ou excluir suas informa\u00e7\u00f5es pessoais, bem como o direito de se opor ao processamento de suas informa\u00e7\u00f5es pessoais por motivos leg\u00edtimos. Para exercer esses direitos, entre em contato conosco atrav\u00e9s dos meios de comunica\u00e7\u00e3o fornecidos abaixo.<\/span><\/p>\n<h4><b>Contato<\/b><\/h4>\n<p><span style=\"font-weight: 400;\">Se voc\u00ea tiver alguma d\u00favida, preocupa\u00e7\u00e3o ou solicita\u00e7\u00e3o relacionada a esta Pol\u00edtica de Privacidade ou \u00e0 prote\u00e7\u00e3o de dados, entre em contato conosco pelos seguintes meios:<\/span><\/p>\n<p><b>La Barbearia Clube<\/b><b><br \/><\/b><span style=\"font-weight: 400;\">Telefone: (14) 99663-0627 \/ (14) 99756-7768<\/span><span style=\"font-weight: 400;\"><br \/><\/span><span style=\"font-weight: 400;\">E-mail: contatobj@gmail.com<\/span><span style=\"font-weight: 400;\"><br \/><\/span><span style=\"font-weight: 400;\">Endere\u00e7o: Av. Odilon Braga, 1-74, Vila Avia\u00e7\u00e3o, Bauru &#8211; SP, 17018-580<\/span><\/p>\t\t\t\t\t\t\t\t<\/div>\n\t\t\t\t<\/div>\n\t\t\t\t\t<\/div>\n\t\t\t\t<\/div>\n\t\t<div class=\"elementor-element elementor-element-4961f03 e-flex e-con-boxed e-con e-parent\" data-id=\"4961f03\" data-element_type=\"container\" data-e-type=\"container\" data-settings=\"{&quot;background_background&quot;:&quot;classic&quot;}\">\n\t\t\t\t\t<div class=\"e-con-inner\">\n\t\t<div class=\"elementor-element elementor-element-e5a9ae2 e-con-full e-grid e-con e-child\" data-id=\"e5a9ae2\" data-element_type=\"container\" data-e-type=\"container\">\n\t\t<div class=\"elementor-element elementor-element-cc3bc42 e-con-full e-flex e-con e-child\" data-id=\"cc3bc42\" data-element_type=\"container\" data-e-type=\"container\">\n\t\t\t\t<div class=\"elementor-element elementor-element-ddcc3be elementor-widget elementor-widget-image\" data-id=\"ddcc3be\" data-element_type=\"widget\" data-e-type=\"widget\" data-widget_type=\"image.default\">\n\t\t\t\t<div class=\"elementor-widget-container\">\n\t\t\t\t\t\t\t\t\t\t\t\t\t\t\t<img decoding=\"async\" width=\"170\" height=\"170\" src=\"https:\/\/labarbeariaclube.com.br\/wp-content\/uploads\/2025\/01\/logo-la-barbearia.png\" class=\"attachment-full size-full wp-image-51\" alt=\"\" srcset=\"https:\/\/labarbeariaclube.com.br\/wp-content\/uploads\/2025\/01\/logo-la-barbearia.png 170w, https:\/\/labarbeariaclube.com.br\/wp-content\/uploads\/2025\/01\/logo-la-barbearia-150x150.png 150w\" sizes=\"(max-width: 170px) 100vw, 170px\" \/>\t\t\t\t\t\t\t\t\t\t\t\t\t\t\t<\/div>\n\t\t\t\t<\/div>\n\t\t\t\t<\/div>\n\t\t<div class=\"elementor-element elementor-element-fe0fefd e-con-full e-flex e-con e-child\" data-id=\"fe0fefd\" data-element_type=\"container\" data-e-type=\"container\">\n\t\t\t\t<div class=\"elementor-element elementor-element-edad9f9 elementor-widget elementor-widget-heading\" data-id=\"edad9f9\" data-element_type=\"widget\" data-e-type=\"widget\" data-widget_type=\"heading.default\">\n\t\t\t\t<div class=\"elementor-widget-container\">\n\t\t\t\t\t<h4 class=\"elementor-heading-title elementor-size-default\">Venha nos fazer uma visita!\u00a0\n<\/h4>\t\t\t\t<\/div>\n\t\t\t\t<\/div>\n\t\t\t\t<div class=\"elementor-element elementor-element-42a522a elementor-widget elementor-widget-text-editor\" data-id=\"42a522a\" data-element_type=\"widget\" data-e-type=\"widget\" data-widget_type=\"text-editor.default\">\n\t\t\t\t<div class=\"elementor-widget-container\">\n\t\t\t\t\t\t\t\t\tLa Barbearia: onde tradi\u00e7\u00e3o, estilo e cuidado se encontram para oferecer a melhor experi\u00eancia em cabelo e barba.\t\t\t\t\t\t\t\t<\/div>\n\t\t\t\t<\/div>\n\t\t\t\t<\/div>\n\t\t<div class=\"elementor-element elementor-element-2eaea50 e-con-full e-flex e-con e-child\" data-id=\"2eaea50\" data-element_type=\"container\" data-e-type=\"container\">\n\t\t\t\t<div class=\"elementor-element elementor-element-5c969a6 elementor-widget elementor-widget-text-editor\" data-id=\"5c969a6\" data-element_type=\"widget\" data-e-type=\"widget\" data-widget_type=\"text-editor.default\">\n\t\t\t\t<div class=\"elementor-widget-container\">\n\t\t\t\t\t\t\t\t\tEmail: contatobj@gmail.com\t\t\t\t\t\t\t\t<\/div>\n\t\t\t\t<\/div>\n\t\t\t\t<div class=\"elementor-element elementor-element-f92c2b1 elementor-widget elementor-widget-text-editor\" data-id=\"f92c2b1\" data-element_type=\"widget\" data-e-type=\"widget\" data-widget_type=\"text-editor.default\">\n\t\t\t\t<div class=\"elementor-widget-container\">\n\t\t\t\t\t\t\t\t\tCNPJ: 26.923.337\/0001-64\t\t\t\t\t\t\t\t<\/div>\n\t\t\t\t<\/div>\n\t\t\t\t<div class=\"elementor-element elementor-element-036c054 elementor-shape-circle e-grid-align-left e-grid-align-mobile-center elementor-grid-0 elementor-widget elementor-widget-social-icons\" data-id=\"036c054\" data-element_type=\"widget\" data-e-type=\"widget\" data-widget_type=\"social-icons.default\">\n\t\t\t\t<div class=\"elementor-widget-container\">\n\t\t\t\t\t\t\t<div class=\"elementor-social-icons-wrapper elementor-grid\" role=\"list\">\n\t\t\t\t\t\t\t<span class=\"elementor-grid-item\" role=\"listitem\">\n\t\t\t\t\t<a class=\"elementor-icon elementor-social-icon elementor-social-icon-instagram elementor-repeater-item-e89098e\" href=\"https:\/\/www.instagram.com\/labarbeariaclube\/\" target=\"_blank\">\n\t\t\t\t\t\t<span class=\"elementor-screen-only\">Instagram<\/span>\n\t\t\t\t\t\t<svg aria-hidden=\"true\" class=\"e-font-icon-svg e-fab-instagram\" viewBox=\"0 0 448 512\" xmlns=\"http:\/\/www.w3.org\/2000\/svg\"><path d=\"M224.1 141c-63.6 0-114.9 51.3-114.9 114.9s51.3 114.9 114.9 114.9S339 319.5 339 255.9 287.7 141 224.1 141zm0 189.6c-41.1 0-74.7-33.5-74.7-74.7s33.5-74.7 74.7-74.7 74.7 33.5 74.7 74.7-33.6 74.7-74.7 74.7zm146.4-194.3c0 14.9-12 26.8-26.8 26.8-14.9 0-26.8-12-26.8-26.8s12-26.8 26.8-26.8 26.8 12 26.8 26.8zm76.1 27.2c-1.7-35.9-9.9-67.7-36.2-93.9-26.2-26.2-58-34.4-93.9-36.2-37-2.1-147.9-2.1-184.9 0-35.8 1.7-67.6 9.9-93.9 36.1s-34.4 58-36.2 93.9c-2.1 37-2.1 147.9 0 184.9 1.7 35.9 9.9 67.7 36.2 93.9s58 34.4 93.9 36.2c37 2.1 147.9 2.1 184.9 0 35.9-1.7 67.7-9.9 93.9-36.2 26.2-26.2 34.4-58 36.2-93.9 2.1-37 2.1-147.8 0-184.8zM398.8 388c-7.8 19.6-22.9 34.7-42.6 42.6-29.5 11.7-99.5 9-132.1 9s-102.7 2.6-132.1-9c-19.6-7.8-34.7-22.9-42.6-42.6-11.7-29.5-9-99.5-9-132.1s-2.6-102.7 9-132.1c7.8-19.6 22.9-34.7 42.6-42.6 29.5-11.7 99.5-9 132.1-9s102.7-2.6 132.1 9c19.6 7.8 34.7 22.9 42.6 42.6 11.7 29.5 9 99.5 9 132.1s2.7 102.7-9 132.1z\"><\/path><\/svg>\t\t\t\t\t<\/a>\n\t\t\t\t<\/span>\n\t\t\t\t\t\t\t<span class=\"elementor-grid-item\" role=\"listitem\">\n\t\t\t\t\t<a class=\"elementor-icon elementor-social-icon elementor-social-icon-facebook elementor-repeater-item-877af9e\" href=\"https:\/\/www.facebook.com\/labarbeariaclube\/?locale=pt_BR\" target=\"_blank\">\n\t\t\t\t\t\t<span class=\"elementor-screen-only\">Facebook<\/span>\n\t\t\t\t\t\t<svg aria-hidden=\"true\" class=\"e-font-icon-svg e-fab-facebook\" viewBox=\"0 0 512 512\" xmlns=\"http:\/\/www.w3.org\/2000\/svg\"><path d=\"M504 256C504 119 393 8 256 8S8 119 8 256c0 123.78 90.69 226.38 209.25 245V327.69h-63V256h63v-54.64c0-62.15 37-96.48 93.67-96.48 27.14 0 55.52 4.84 55.52 4.84v61h-31.28c-30.8 0-40.41 19.12-40.41 38.73V256h68.78l-11 71.69h-57.78V501C413.31 482.38 504 379.78 504 256z\"><\/path><\/svg>\t\t\t\t\t<\/a>\n\t\t\t\t<\/span>\n\t\t\t\t\t<\/div>\n\t\t\t\t\t\t<\/div>\n\t\t\t\t<\/div>\n\t\t\t\t<\/div>\n\t\t<div class=\"elementor-element elementor-element-aebac6a e-con-full e-flex e-con e-child\" data-id=\"aebac6a\" data-element_type=\"container\" data-e-type=\"container\">\n\t\t\t\t<div class=\"elementor-element elementor-element-470cb7d elementor-align-justify elementor-widget elementor-widget-button\" data-id=\"470cb7d\" data-element_type=\"widget\" data-e-type=\"widget\" data-widget_type=\"button.default\">\n\t\t\t\t<div class=\"elementor-widget-container\">\n\t\t\t\t\t\t\t\t\t<div class=\"elementor-button-wrapper\">\n\t\t\t\t\t<a class=\"elementor-button elementor-button-link elementor-size-sm\" href=\"https:\/\/wa.me\/5514996630627\" id=\"whatsapp\">\n\t\t\t\t\t\t<span class=\"elementor-button-content-wrapper\">\n\t\t\t\t\t\t<span class=\"elementor-button-icon\">\n\t\t\t\t<svg aria-hidden=\"true\" class=\"e-font-icon-svg e-fab-whatsapp\" viewBox=\"0 0 448 512\" xmlns=\"http:\/\/www.w3.org\/2000\/svg\"><path d=\"M380.9 97.1C339 55.1 283.2 32 223.9 32c-122.4 0-222 99.6-222 222 0 39.1 10.2 77.3 29.6 111L0 480l117.7-30.9c32.4 17.7 68.9 27 106.1 27h.1c122.3 0 224.1-99.6 224.1-222 0-59.3-25.2-115-67.1-157zm-157 341.6c-33.2 0-65.7-8.9-94-25.7l-6.7-4-69.8 18.3L72 359.2l-4.4-7c-18.5-29.4-28.2-63.3-28.2-98.2 0-101.7 82.8-184.5 184.6-184.5 49.3 0 95.6 19.2 130.4 54.1 34.8 34.9 56.2 81.2 56.1 130.5 0 101.8-84.9 184.6-186.6 184.6zm101.2-138.2c-5.5-2.8-32.8-16.2-37.9-18-5.1-1.9-8.8-2.8-12.5 2.8-3.7 5.6-14.3 18-17.6 21.8-3.2 3.7-6.5 4.2-12 1.4-32.6-16.3-54-29.1-75.5-66-5.7-9.8 5.7-9.1 16.3-30.3 1.8-3.7.9-6.9-.5-9.7-1.4-2.8-12.5-30.1-17.1-41.2-4.5-10.8-9.1-9.3-12.5-9.5-3.2-.2-6.9-.2-10.6-.2-3.7 0-9.7 1.4-14.8 6.9-5.1 5.6-19.4 19-19.4 46.3 0 27.3 19.9 53.7 22.6 57.4 2.8 3.7 39.1 59.7 94.8 83.8 35.2 15.2 49 16.5 66.6 13.9 10.7-1.6 32.8-13.4 37.4-26.4 4.6-13 4.6-24.1 3.2-26.4-1.3-2.5-5-3.9-10.5-6.6z\"><\/path><\/svg>\t\t\t<\/span>\n\t\t\t\t\t\t\t\t\t<span class=\"elementor-button-text\">(14) 99663-0627<\/span>\n\t\t\t\t\t<\/span>\n\t\t\t\t\t<\/a>\n\t\t\t\t<\/div>\n\t\t\t\t\t\t\t\t<\/div>\n\t\t\t\t<\/div>\n\t\t\t\t<div class=\"elementor-element elementor-element-0e7b49c elementor-align-justify elementor-widget elementor-widget-button\" data-id=\"0e7b49c\" data-element_type=\"widget\" data-e-type=\"widget\" data-widget_type=\"button.default\">\n\t\t\t\t<div class=\"elementor-widget-container\">\n\t\t\t\t\t\t\t\t\t<div class=\"elementor-button-wrapper\">\n\t\t\t\t\t<a class=\"elementor-button elementor-button-link elementor-size-sm\" href=\"https:\/\/wa.me\/5514997567768\" id=\"whatsapp2\">\n\t\t\t\t\t\t<span class=\"elementor-button-content-wrapper\">\n\t\t\t\t\t\t<span class=\"elementor-button-icon\">\n\t\t\t\t<svg aria-hidden=\"true\" class=\"e-font-icon-svg e-fab-whatsapp\" viewBox=\"0 0 448 512\" xmlns=\"http:\/\/www.w3.org\/2000\/svg\"><path d=\"M380.9 97.1C339 55.1 283.2 32 223.9 32c-122.4 0-222 99.6-222 222 0 39.1 10.2 77.3 29.6 111L0 480l117.7-30.9c32.4 17.7 68.9 27 106.1 27h.1c122.3 0 224.1-99.6 224.1-222 0-59.3-25.2-115-67.1-157zm-157 341.6c-33.2 0-65.7-8.9-94-25.7l-6.7-4-69.8 18.3L72 359.2l-4.4-7c-18.5-29.4-28.2-63.3-28.2-98.2 0-101.7 82.8-184.5 184.6-184.5 49.3 0 95.6 19.2 130.4 54.1 34.8 34.9 56.2 81.2 56.1 130.5 0 101.8-84.9 184.6-186.6 184.6zm101.2-138.2c-5.5-2.8-32.8-16.2-37.9-18-5.1-1.9-8.8-2.8-12.5 2.8-3.7 5.6-14.3 18-17.6 21.8-3.2 3.7-6.5 4.2-12 1.4-32.6-16.3-54-29.1-75.5-66-5.7-9.8 5.7-9.1 16.3-30.3 1.8-3.7.9-6.9-.5-9.7-1.4-2.8-12.5-30.1-17.1-41.2-4.5-10.8-9.1-9.3-12.5-9.5-3.2-.2-6.9-.2-10.6-.2-3.7 0-9.7 1.4-14.8 6.9-5.1 5.6-19.4 19-19.4 46.3 0 27.3 19.9 53.7 22.6 57.4 2.8 3.7 39.1 59.7 94.8 83.8 35.2 15.2 49 16.5 66.6 13.9 10.7-1.6 32.8-13.4 37.4-26.4 4.6-13 4.6-24.1 3.2-26.4-1.3-2.5-5-3.9-10.5-6.6z\"><\/path><\/svg>\t\t\t<\/span>\n\t\t\t\t\t\t\t\t\t<span class=\"elementor-button-text\">(14) 99756-7768<\/span>\n\t\t\t\t\t<\/span>\n\t\t\t\t\t<\/a>\n\t\t\t\t<\/div>\n\t\t\t\t\t\t\t\t<\/div>\n\t\t\t\t<\/div>\n\t\t\t\t<div class=\"elementor-element elementor-element-8b02758 elementor-widget elementor-widget-heading\" data-id=\"8b02758\" data-element_type=\"widget\" data-e-type=\"widget\" data-widget_type=\"heading.default\">\n\t\t\t\t<div class=\"elementor-widget-container\">\n\t\t\t\t\t<h5 class=\"elementor-heading-title elementor-size-default\"><a href=\"https:\/\/labarbeariaclube.com.br\/index.php\/politica-de-privacidade\/\">Pol\u00edtica de Privacidade<\/a><\/h5>\t\t\t\t<\/div>\n\t\t\t\t<\/div>\n\t\t\t\t<\/div>\n\t\t\t\t<\/div>\n\t\t\t\t\t<\/div>\n\t\t\t\t<\/div>\n\t\t<div class=\"elementor-element elementor-element-7ef6fe6 e-flex e-con-boxed e-con e-parent\" data-id=\"7ef6fe6\" data-element_type=\"container\" data-e-type=\"container\" data-settings=\"{&quot;background_background&quot;:&quot;classic&quot;}\">\n\t\t\t\t\t<div class=\"e-con-inner\">\n\t\t\t\t<div class=\"elementor-element elementor-element-65302ef elementor-widget elementor-widget-text-editor\" data-id=\"65302ef\" data-element_type=\"widget\" data-e-type=\"widget\" data-widget_type=\"text-editor.default\">\n\t\t\t\t<div class=\"elementor-widget-container\">\n\t\t\t\t\t\t\t\t\t\u00a9 2025 LA BARBEARIA CLUBE | Todos os direitos reservados. Desenvolvido por:\t\t\t\t\t\t\t\t<\/div>\n\t\t\t\t<\/div>\n\t\t\t\t<div class=\"elementor-element elementor-element-7300f2d elementor-widget elementor-widget-image\" data-id=\"7300f2d\" data-element_type=\"widget\" data-e-type=\"widget\" data-widget_type=\"image.default\">\n\t\t\t\t<div class=\"elementor-widget-container\">\n\t\t\t\t\t\t\t\t\t\t\t\t\t\t\t\t<a href=\"https:\/\/agenciaw3m.com.br\/\" target=\"_blank\">\n\t\t\t\t\t\t\t<img decoding=\"async\" width=\"34\" height=\"18\" src=\"https:\/\/labarbeariaclube.com.br\/wp-content\/uploads\/2025\/01\/LOGO-W3M.png\" class=\"attachment-full size-full wp-image-52\" alt=\"\" \/>\t\t\t\t\t\t\t\t<\/a>\n\t\t\t\t\t\t\t\t\t\t\t\t\t\t\t<\/div>\n\t\t\t\t<\/div>\n\t\t\t\t\t<\/div>\n\t\t\t\t<\/div>\n\t\t\t\t<\/div>\n\t\t","protected":false},"excerpt":{"rendered":"<p>Um espa\u00e7o Termos de pol\u00edtica de privacidade La Barbearia Clube Esta Pol\u00edtica de Privacidade descreve como a La Barbearia Clube coleta, usa e protege as informa\u00e7\u00f5es pessoais dos usu\u00e1rios ao acessarem e utilizarem o nosso site (CONFERIR URL) e ao entrarem em contato conosco pelos meios de comunica\u00e7\u00e3o fornecidos. Estamos em conformidade com as melhores [&hellip;]<\/p>\n","protected":false},"author":1,"featured_media":0,"parent":0,"menu_order":0,"comment_status":"closed","ping_status":"open","template":"elementor_canvas","meta":{"footnotes":""},"class_list":["post-3","page","type-page","status-publish","hentry"],"_links":{"self":[{"href":"https:\/\/labarbeariaclube.com.br\/index.php\/wp-json\/wp\/v2\/pages\/3","targetHints":{"allow":["GET"]}}],"collection":[{"href":"https:\/\/labarbeariaclube.com.br\/index.php\/wp-json\/wp\/v2\/pages"}],"about":[{"href":"https:\/\/labarbeariaclube.com.br\/index.php\/wp-json\/wp\/v2\/types\/page"}],"author":[{"embeddable":true,"href":"https:\/\/labarbeariaclube.com.br\/index.php\/wp-json\/wp\/v2\/users\/1"}],"replies":[{"embeddable":true,"href":"https:\/\/labarbeariaclube.com.br\/index.php\/wp-json\/wp\/v2\/comments?post=3"}],"version-history":[{"count":19,"href":"https:\/\/labarbeariaclube.com.br\/index.php\/wp-json\/wp\/v2\/pages\/3\/revisions"}],"predecessor-version":[{"id":106,"href":"https:\/\/labarbeariaclube.com.br\/index.php\/wp-json\/wp\/v2\/pages\/3\/revisions\/106"}],"wp:attachment":[{"href":"https:\/\/labarbeariaclube.com.br\/index.php\/wp-json\/wp\/v2\/media?parent=3"}],"curies":[{"name":"wp","href":"https:\/\/api.w.org\/{rel}","templated":true}]}}